{"id":1872,"date":"2022-03-28T16:57:08","date_gmt":"2022-03-28T14:57:08","guid":{"rendered":"https:\/\/lousanches.com\/?post_type=product&#038;p=1872"},"modified":"2024-08-13T16:29:00","modified_gmt":"2024-08-13T14:29:00","slug":"repair-time","status":"publish","type":"product","link":"https:\/\/lousanches.com\/?product=repair-time","title":{"rendered":"Repair Time"},"content":{"rendered":"<p>Formul\u00e9 \u00e0 99,3 % d\u2019origine naturelle, le masque Repair Time est un soin r\u00e9parateur et hydratant qui va nourrir en profondeur vos cheveux. Son complexe nourrissant sera votre plus bel alli\u00e9 contre la s\u00e9cheresse et les fourches ab\u00eem\u00e9es. Ce masque rend vos cheveux plus forts, plus brillants et facilite le coiffage. Sa texture cr\u00e9meuse onctueuse et sa douce odeur de pamplemousse et de bois de rose vont faire votre plus grand bonheur. Ce masque convient aux cheveux ondul\u00e9s, boucl\u00e9s, fris\u00e9s, cr\u00e9pus.<\/p>\n<ul>\n<li>L\u2019huile de macadamia nourrit, adoucit et pr\u00e9serve la coloration.<\/li>\n<li>L\u2019huile v\u00e9g\u00e9tale de jojoba revitalise et fait briller les longueurs.<\/li>\n<li>La provitamine B5 fortifie, gaine et r\u00e9pare. Elle rend les cheveux brillants, souples et faciles \u00e0 coiffer.<\/li>\n<\/ul>\n","protected":false},"excerpt":{"rendered":"<p>Le Masque cr\u00e8me hydratant Repair Time est \u00e9labor\u00e9 \u00e0 base d&rsquo;aloe vera, de macadamia, de jojoba, de glyc\u00e9rine, de provitamine B5 et des huiles essentielles de bois de rose et de pamplemousse. Ce masque contient un actif cosm\u00e9tique fortifiant : la provitamine B5. Elle rend le cheveu plus fort et plus brillant. C&rsquo;est l&rsquo;actif id\u00e9al pour les cuirs chevelus sensibles et sujets aux d\u00e9mangeaisons. Adapt\u00e9 \u00e0 tous les types de cheveux, il ravira les personnes aux cheveux difficiles \u00e0 d\u00e9m\u00ealer, fourchus et secs. Il rend les cheveux doux, soyeux, sans les \u00e9touffer. L&rsquo;huile essentielle de pamplemousse est photosensibilisante.<\/p>\n","protected":false},"featured_media":1873,"comment_status":"open","ping_status":"closed","template":"","meta":{"content-type":"","site-sidebar-layout":"default","site-content-layout":"default","ast-site-content-layout":"default","site-content-style":"default","site-sidebar-style":"default","ast-global-header-display":"","ast-banner-title-visibility":"","ast-main-header-display":"","ast-hfb-above-header-display":"","ast-hfb-below-header-display":"","ast-hfb-mobile-header-display":"","site-post-title":"","ast-breadcrumbs-content":"","ast-featured-img":"","footer-sml-layout":"","theme-transparent-header-meta":"","adv-header-id-meta":"","stick-header-meta":"","header-above-stick-meta":"","header-main-stick-meta":"","header-below-stick-meta":"","astra-migrate-meta-layouts":"default","ast-page-background-enabled":"default","ast-page-background-meta":{"desktop":{"background-color":"var(--ast-global-color-4)","background-image":"","background-repeat":"repeat","background-position":"center center","background-size":"auto","background-attachment":"scroll","background-type":"","background-media":"","overlay-type":"","overlay-color":"","overlay-opacity":"","overlay-gradient":""},"tablet":{"background-color":"","background-image":"","background-repeat":"repeat","background-position":"center center","background-size":"auto","background-attachment":"scroll","background-type":"","background-media":"","overlay-type":"","overlay-color":"","overlay-opacity":"","overlay-gradient":""},"mobile":{"background-color":"","background-image":"","background-repeat":"repeat","background-position":"center center","background-size":"auto","background-attachment":"scroll","background-type":"","background-media":"","overlay-type":"","overlay-color":"","overlay-opacity":"","overlay-gradient":""}},"ast-content-background-meta":{"desktop":{"background-color":"var(--ast-global-color-5)","background-image":"","background-repeat":"repeat","background-position":"center center","background-size":"auto","background-attachment":"scroll","background-type":"","background-media":"","overlay-type":"","overlay-color":"","overlay-opacity":"","overlay-gradient":""},"tablet":{"background-color":"var(--ast-global-color-5)","background-image":"","background-repeat":"repeat","background-position":"center center","background-size":"auto","background-attachment":"scroll","background-type":"","background-media":"","overlay-type":"","overlay-color":"","overlay-opacity":"","overlay-gradient":""},"mobile":{"background-color":"var(--ast-global-color-5)","background-image":"","background-repeat":"repeat","background-position":"center center","background-size":"auto","background-attachment":"scroll","background-type":"","background-media":"","overlay-type":"","overlay-color":"","overlay-opacity":"","overlay-gradient":""}}},"product_brand":[],"product_cat":[64],"product_tag":[61],"class_list":{"0":"post-1872","1":"product","2":"type-product","3":"status-publish","4":"has-post-thumbnail","6":"product_cat-les-secrets-de-loly","7":"product_tag-soins","8":"desktop-align-left","9":"tablet-align-left","10":"mobile-align-left","12":"first","13":"outofstock","14":"shipping-taxable","15":"purchasable","16":"product-type-simple"},"_links":{"self":[{"href":"https:\/\/lousanches.com\/index.php?rest_route=\/wp\/v2\/product\/1872","targetHints":{"allow":["GET"]}}],"collection":[{"href":"https:\/\/lousanches.com\/index.php?rest_route=\/wp\/v2\/product"}],"about":[{"href":"https:\/\/lousanches.com\/index.php?rest_route=\/wp\/v2\/types\/product"}],"replies":[{"embeddable":true,"href":"https:\/\/lousanches.com\/index.php?rest_route=%2Fwp%2Fv2%2Fcomments&post=1872"}],"wp:featuredmedia":[{"embeddable":true,"href":"https:\/\/lousanches.com\/index.php?rest_route=\/wp\/v2\/media\/1873"}],"wp:attachment":[{"href":"https:\/\/lousanches.com\/index.php?rest_route=%2Fwp%2Fv2%2Fmedia&parent=1872"}],"wp:term":[{"taxonomy":"product_brand","embeddable":true,"href":"https:\/\/lousanches.com\/index.php?rest_route=%2Fwp%2Fv2%2Fproduct_brand&post=1872"},{"taxonomy":"product_cat","embeddable":true,"href":"https:\/\/lousanches.com\/index.php?rest_route=%2Fwp%2Fv2%2Fproduct_cat&post=1872"},{"taxonomy":"product_tag","embeddable":true,"href":"https:\/\/lousanches.com\/index.php?rest_route=%2Fwp%2Fv2%2Fproduct_tag&post=1872"}],"curies":[{"name":"wp","href":"https:\/\/api.w.org\/{rel}","templated":true}]}}